 z(j) = -j**2 - j + 14. Let x be z(0). Let g = 0 + x. What is the units digit of g?
4
Let a(m) = 7*m**2 - m - 3. What is the hundreds digit of a(-4)?
1
Let j(t) = t - 1. Let o(z) = z**3 - 12*z**2 + 14*z - 21. Let q(c) = 6*j(c) - o(c). What is the units digit of q(11)?
8
Suppose 0 = -l + 36 + 2. What is the units digit of l?
8
Let a = 28 + 43. What is the tens digit of a?
7
Suppose -4 = 5*b + 6. Let d(i) = -i**3 + i**2. Let w be d(b). Let p = w + -7. What is the units digit of p?
5
Let g = 55 - 34. Let j = g + 5. What is the tens digit of j?
2
Suppose 5*b = -0 + 20. Let p be b/4 + (0 - -2). Suppose -p*y + 5*y - 14 = 0. What is the units digit of y?
7
Let d(t) = -t**3 - 7*t**2 - 8*t - 3. Let s be d(-6). Suppose 0 = 5*i - s - 1. What is the units digit of i?
2
Let c = -91 + 129. Suppose -y + c = 8. Suppose s - y = -s. What is the units digit of s?
5
What is the tens digit of (-1635)/(-35) + (-2)/(-7)?
4
Let f = 39 - 3. What is the units digit of f?
6
Let q(r) = -r**2 - 5*r + 6. Let u be q(-5). Let o(l) be the second derivative of l**5/20 - l**4/2 + l**3/3 + 3*l**2/2 + l. What is the tens digit of o(u)?
1
Suppose -5*b + 129 - 49 = 0. Suppose -2*s - 4 = -b. What is the units digit of s?
6
Suppose -2*l + 84 = 2*i, 9*i - 5*l - 210 = 4*i. What is the units digit of i?
2
Suppose -6*h = -19*h + 1768. What is the tens digit of h?
3
Suppose -2*w + 0 = -14. What is the units digit of w?
7
Suppose -2*z + 1 = f, f - 19 = -4*f + 4*z. Suppose 0 = -f*k + 4*j + 15, 3*j = 4 - 13. What is the units digit of k/2*(2 - -2)?
2
Let i = -16 - -32. Let c = 16 + i. What is the tens digit of c?
3
Suppose 6*b - 618 = -108. What is the tens digit of b?
8
What is the units digit of (-17 - 4/(-2))*-1?
5
Let t be ((-4)/(-2))/(5 + -6). Let a be 6/t + (-1 - 72). What is the units digit of (a/(-8))/((-2)/(-4))?
9
Let x(t) = -t + 1. Let q be x(-1). Let v(d) = d**3 + 6*d**2 + 5*d. Let n be v(-5). Suppose -3*r + 6 = -w, -w - w - q*r + 20 = n. What is the units digit of w?
6
Let i = 2 - 7. Let b = 11 - i. What is the tens digit of b?
1
Let j(o) = o**2 + 7*o + 9. Let g(s) = -s**2 + 3*s - 3. Let f be g(5). Let d = f + 7. What is the units digit of j(d)?
3
Let y = -6 + 10. Suppose 0 = y*o - 0*o - 68. What is the tens digit of o?
1
Suppose 0 = 3*i - 3*z + 24, 3*z - 6 = -5*i - 14. Let x = i + 4. What is the units digit of (-1 + x/2)*-8?
8
What is the tens digit of 3552/(-36)*(-3)/4?
7
Suppose a + 4 = -0. Let g be (a/10)/(1/(-5)). Suppose g*i + 0*m = 2*m - 2, 3*i - m - 1 = 0. What is the units digit of i?
1
Let l be (4/6 - 1)*-42. Suppose 3*z - 9 = -0*z. Suppose 1 = z*h - l. What is the units digit of h?
5
Suppose 0 = 42*i - 44*i + 178. What is the units digit of i?
9
Suppose -3*i + 5*d + 47 = 15, -5*i + 4 = 4*d. Suppose -r = i*r. Suppose -4*b - 17 + 73 = r. What is the units digit of b?
4
Let x(m) = -m**3 + 10*m**2 - 8*m - 14. What is the units digit of x(7)?
7
Suppose -h + 4*y - 16 = -51, -3*y = -5*h + 243. What is the tens digit of h?
5
Let r = 39 - 21. Suppose 0 = -2*z - 0*z + r. What is the units digit of z?
9
Let v(y) = -y**3 + 11*y**2 - 6*y + 5. Let f be v(10). Suppose -2*x = -u - f, -2*x + 2*u = -0*x - 44. What is the tens digit of 2/4*(x - 1)?
1
Let m(b) = b - 3. Suppose 0 = -5*f - 18 - 12. Let k = f - -12. What is the units digit of m(k)?
3
Suppose -6*o + 3*o = -45. Let t = 28 - o. What is the units digit of t?
3
Let i(l) = l**3 + 14*l**2 + 11*l - 7. What is the units digit of i(-13)?
9
Suppose 4*z = -0*z + 112. What is the tens digit of z?
2
Let m = 796 + -544. What is the units digit of m?
2
Let g(s) = s**3 + 9*s**2 - 2*s - 13. Let v be g(-9). Let r(f) = f**3 - 4*f**2 - 4*f - 5. Let d be r(v). What is the tens digit of (d - 3/(-6))*26?
1
Suppose -3*z - 339 = -o - z, -5*o + 1683 = 2*z. What is the units digit of o?
7
Let v be (2/4)/(2/36). Suppose -4*q - v + 57 = 0. Suppose -3*w + 6*w - q = 0. What is the units digit of w?
4
Suppose -3*j + 2*i + 294 = -i, 0 = j - 4*i - 110. What is the tens digit of j?
9
Let w(n) = -n**3 + 6*n**2 + 9*n - 7. Let x be w(7). Let y(g) = g**3 - 7*g**2 + 4*g + 2. What is the tens digit of y(x)?
3
Let g be 9/(-15) + (-2)/5. What is the units digit of -3 + 6 + (g - -2)?
4
Let r = 208 + -120. What is the tens digit of r?
8
Suppose 4*h - 37 + 99 = p, -5*p - 4*h = -262. What is the tens digit of p?
5
Let a be 6/(-1 - 34/(-28)). Let s = a - 13. What is the tens digit of s?
1
Suppose -4*d + r + 3*r = -116, 0 = 3*d - 2*r - 87. What is the units digit of d?
9
Suppose -2*q + 67 = 5*t - 0*t, 3 = 3*t. Let k = 0 + 0. Suppose 3*b + 0*h + 4*h - 4 = k, 2*b - 3*h = q. What is the units digit of b?
8
Let k be (0/(-1))/(-3) + 2. Let c = -2 - k. What is the units digit of (-3)/c - 27/(-12)?
3
Let x = 103 + -62. What is the tens digit of x?
4
Let w = 21 + -15. Suppose w*f - 64 = 2*f. What is the tens digit of f?
1
Let q(m) = m + 6. Let p be q(-4). Suppose 12 = -p*v - v. Let j = 0 - v. What is the units digit of j?
4
Suppose 5*j - 124 = -9. Suppose 4*y + 4 = -0*y - 4*l, -5*l - j = -y. Suppose 0 = -y*w + 40 - 4. What is the tens digit of w?
1
What is the tens digit of 23 + 1 + 2 + -4?
2
Suppose 0*z + 25 = z. Suppose 0 = -5*p - 10 + z. Suppose -11 = -4*k - p*u, -40 = -5*k + 8*u - 3*u. What is the units digit of k?
5
Suppose 2*a + 4*x - 34 = 18, -4*a + 122 = -x. What is the tens digit of a?
3
Suppose 5*z - 108 = -3*h - h, -4*h + 36 = 2*z. Suppose r + z = -2*r. What is the units digit of (-3)/(-12) - 142/r?
8
Let y = 216 + -113. What is the units digit of y?
3
Suppose 4*t + t = 40. Suppose -3*i - 3 = a + 1, 0 = -2*a + 4*i - t. What is the units digit of (-8)/(-1)*a/(-8)?
4
Let h be ((-2)/3)/(2/(-6)). What is the units digit of h/2 + -2 + 10?
9
Let w(s) = -1 - 36*s**2 + 11*s - 2*s + 35*s**2. What is the units digit of w(8)?
7
What is the tens digit of (-5 - (-3)/1)*-17?
3
Let u(c) = c**3 - 1 + c**3 - 3*c**2 - c + 3. Let x be u(2). What is the units digit of 51/15 + x/(-10)?
3
Let u = -9 - -34. Let h = u + -14. What is the units digit of h?
1
Let a(c) = 5*c**2 - 4*c - 1. Suppose -9*s + 3*j = -4*s - 30, s + 2*j = -7. What is the units digit of a(s)?
2
Suppose -4*j + 12 = -12. Let o = j + 7. What is the tens digit of o?
1
Let g(d) = d**3 + 64. Let o be g(0). Suppose 4*f + f - 69 = -4*b, -4*b - 4*f + o = 0. Suppose w = b - 1. What is the units digit of w?
0
Let s = 11 - -4. What is the units digit of s?
5
Let h be (2/2)/((-3)/6). What is the units digit of 37*(h + 1)*-1?
7
Suppose 2*h - 298 = -2*o, 3*o - 439 = -3*h - 2*h. What is the tens digit of o?
5
Let m(b) = b**3 - 8*b**2 + 2*b + 4. Let p be m(9). Suppose -7*z = 5*u - 2*z - 135, p = 5*u - 3*z. What is the units digit of u?
3
Suppose 18 = -4*o - 38. Suppose -4*m + 113 = -7. What is the units digit of 4/o + m/7?
4
Let w(y) = 11*y**2 - 3*y. What is the units digit of w(2)?
8
Suppose 3*p - 2 = -8. Let o = -29 - -60. What is the units digit of p/(-11) + o/11?
3
Let z = -39 + 82. What is the tens digit of z?
4
Suppose -2*u + 4*n + 4 = 0, 3*n + 4 = 5*u - 34. Suppose -4*g - 3*s = -20, 2*g = 4*g + 5*s - u. What is the units digit of (-3)/g - 66/(-10)?
6
Let c = 26 - 27. Let x(g) = -23*g + 1. What is the tens digit of x(c)?
2
Let b(g) = 15*g**3 - 2*g + 1. Let p be b(1). Suppose 2*l - p = 6. What is the units digit of l?
0
Suppose -370 = 55*j - 60*j. What is the units digit of j?
4
Let l(b) = 2*b**3 - 4*b**2 + 3*b - 2. Let u = 3 - 7. Let j = u - -6. What is the units digit of l(j)?
4
Let l = -19 - -11. Let d = 15 + l. Let n(g) = 3*g - 10. What is the units digit of n(d)?
1
Let w(j) = 19*j - 1. What is the units digit of w(1)?
8
Suppose 0*l = 2*l - 10. Let v = 1 - l. Let a = v + 5. What is the units digit of a?
1
Let l(k) = k**3 + 20*k**2 - k + 9. Let v(u) = u**3 + 21*u**2 - 2*u + 8. Let d(i) = -5*l(i) + 4*v(i). What is the tens digit of d(-16)?
3
Let s(t) = -t**3 - 9*t**2 - t - 7. Let w be s(-9). Suppose -5*b + 21 = 3*v, 16 + 8 = 3*b - 2*v. Suppose -p + w*p = b. What is the units digit of p?
6
Let m = -7 + 0. Let r(o) = o**3 + 7*o**2 - 5*o - 5. What is the tens digit of r(m)?
3
Let s be 4/(-6) + (-17)/(-3). Suppose 0 = s*w - 75 - 30. What is the units digit of w?
1
Let r(y) = y + 25. Suppose l - 1 = f, -2*l - f = -6*l + 1. What is the units digit of r(l)?
5
What is the tens digit of (3/2)/(6/112)?
2
Let h = -9 + 17. Let y = -3 - 1. L